, what is 1643 + 12166?
13809
In base 11, what is -23252 - -1119?
-22134
In base 5, what is -20344142 + 21103?
-20323034
In base 5, what is 1300 - -21023334?
21030134
In base 12, what is -3 - 420a67?
-420a6a
In base 11, what is 25948 - 11648?
14300
In base 14, what is -49 + -4604aa?
-460515
In base 16, what is 2 + -241ea4?
-241ea2
In base 2, what is 0 + -10100101101101110101010001000?
-10100101101101110101010001000
In base 15, what is 32d0de - 3?
32d0db
In base 7, what is -5 + 6303401?
6303363
In base 7, what is 263615 - 231?
263354
In base 3, what is -10100001020121 + 121122?
-10100000121222
In base 11, what is -6a + -59633?
-596a2
In base 6, what is 343325 + 114?
343443
In base 16, what is ba + -283bc?
-28302
In base 11, what is -3 + 881a003?
881a000
In base 11, what is 33810 - 13339?
20482
In base 9, what is 63020887 + 1?
63020888
In base 7, what is -63450046125 - 2?
-63450046130
In base 3, what is -22011101000121 - -21?
-22011101000100
In base 8, what is 414 + -510?
-74
In base 4, what is -132 + 1211030112?
1211023320
In base 9, what is 25 - 5331853?
-5331827
In base 5, what is -1 + 2024204001?
2024204000
In base 12, what is 3 + 2349410?
2349413
In base 15, what is -152905 + -263?
-152b68
In base 16, what is -7 - -dbd30c?
dbd305
In base 3, what is 21 - -220111202020101?
220111202020122
In base 14, what is -c664 - -b35?
-b92d
In base 2, what is -1010000001110110001 + -101000011?
-1010000010011110100
In base 11, what is -768062a + 12?
-7680618
In base 10, what is 187 + -391172?
-390985
In base 15, what is 6 - 1cd25e8?
-1cd25e2
In base 8, what is 12372024 + 523?
12372547
In base 10, what is 4 + 4320484?
4320488
In base 11, what is 20a095 + 306?
20a3a0
In base 3, what is -2210000012012022021 - 0?
-2210000012012022021
In base 9, what is -12 + -53402?
-53414
In base 6, what is -112441 - -22054?
-50343
In base 3, what is 1000 - -12120201000111?
12120201001111
In base 13, what is -450921 - -1?
-450920
In base 7, what is -661333431 - 5?
-661333436
In base 4, what is 233330302011 - -2?
233330302013
In base 15, what is -3 + -91459a?
-91459d
In base 7, what is -242110 + 164510?
-44300
In base 14, what is 1 + -1a6377d?
-1a6377c
In base 3, what is -100021 - 20022200?
-20122221
In base 6, what is 22441 + -32521?
-10040
In base 6, what is 33444100 - -112?
33444212
In base 3, what is -1122 + -1101110002120?
-1101110011012
In base 4, what is -110200 + 123333223?
123223023
In base 2, what is 0 + -10010110011110111001?
-10010110011110111001
In base 8, what is -110 + -44253227?
-44253337
In base 15, what is 57b - -42a0a?
43086
In base 14, what is 9761 - 446?
9319
In base 3, what is -1122201 - 22222001120?
-100000201021
In base 7, what is 1 - -364463?
364464
In base 16, what is 9a + -53a27?
-5398d
In base 14, what is 48b - -6c?
519
In base 2, what is -1011100110101111 - 100111101010?
-1100001110011001
In base 2, what is 10110001101111101000 - 1011111?
10110001101110001001
In base 9, what is -123 + -436310?
-436433
In base 5, what is 22232000 - -2013?
22234013
In base 9, what is -5063715 - -18?
-5063686
In base 6, what is -432543 - 132212?
-1005155
In base 8, what is 365472 - -33?
365525
In base 8, what is -5757 + -3002?
-10761
In base 2, what is -11001010000010 - -1011110111?
-10111110001011
In base 4, what is 111132 - 31011332?
-30300200
In base 6, what is 23 - 143113332?
-143113305
In base 8, what is -14713 + -24012?
-40725
In base 2, what is 1000001001101000011111 - 1111010?
1000001001100110100101
In base 6, what is -2414454224 + 3?
-2414454221
In base 8, what is -154434122 - -4?
-154434116
In base 16, what is 47717 - -5?
4771c
In base 11, what is -36115 - 852?
-36967
In base 11, what is 0 - -36211a59?
36211a59
In base 15, what is -b63db55 - 0?
-b63db55
In base 13, what is 393 - 2b069?
-2a9a6
In base 13, what is 188263 + -13?
188250
In base 5, what is 22 - -32314000?
32314022
In base 8, what is 20715 + -11111?
7604
In base 9, what is 106150 + 2231?
108381
In base 9, what is -7664 - 4736?
-13511
In base 7, what is -453460 + 26?
-453431
In base 9, what is -224 + -47121?
-47345
In base 4, what is 10021 - 11122330?
-11112303
In base 8, what is 72642425 + 153?
72642600
In base 11, what is 68 + -158824?
-158767
In base 16, what is -b7edd6ac + -5?
-b7edd6b1
In base 8, what is -227511 - 62?
-227573
In base 2, what is 100010101 - 110110100111001?
-110110000100100
In base 9, what is -5 + -124186562?
-124186567
In base 6, what is -313122412215 + -2?
-313122412221
In base 2, what is 10010111100111 + 10000100110101?
100011100011100
In base 6, what is 1045 + 14323425?
14324514
In base 12, what is 2b0 + 6a4?
994
In base 12, what is 9202095 - 9?
9202088
In base 9, what is -3057 - -57118?
54051
In base 8, what is 2734172 - -4?
2734176
In base 6, what is -120230223200 - -4?
-120230223152
In base 2, what is 11101000001100 - 1111000?
11100110010100
In base 9, what is -34073 - -130?
-33843
In base 14, what is -4 + -645c00?
-645c04
In base 10, what is -198887 + 5?
-198882
In base 2, what is -10000 - -101000011001010011011010?
101000011001010011001010
In base 3, what is -2202000121210 - 11222?
-2202000210202
In base 3, what is 2121111122 - -10100212?
2201212111
In base 14, what is -10c30c - -2a?
-10c2c2
In base 15, what is 2a - -c169c4?
c169ee
In base 7, what is -331 + 2156421?
2156060
In base 13, what is -a41601 + -54?
-a41655
In base 12, what is -62b + 24659?
2402a
In base 7, what is 46663053 - -6?
46663062
In base 13, what is 145 - -380770?
3808b5
In base 5, what is 20221214 - -143401?
20420120
In base 15, what is 56 - -bbc7c?
bbcd3
In base 6, what is -2 - 5511440400?
-5511440402
In base 12, what is 64a02 + 128?
64b2a
In base 8, what is 10147616 + 116?
10147734
In base 8, what is 351765 - -53?
352040
In base 3, what is -2221012102000 + -1?
-2221012102001
In base 11, what is 24 - -a70697?
a70710
In base 12, what is -1141 - 3526?
-4667
In base 16, what is 62355fa + -3?
62355f7
In base 11, what is -9a43 - 14134?
-23077
In base 8, what is 4 - 1467175521?
-1467175515
In base 13, what is 45828 + 30?
45858
In base 11, what is -aa + -14437?
-14536
In base 5, what is -22400 + 11020413?
10443013
In base 4, what is 1 - 20212131313?
-20212131312
In base 16, what is -1c56911 - -4?
-1c5690d
In base 14, what is 516c + -2563?
2a09
In base 10, what is -1 + 881778?
881777
In base 6, what is -555250 + -1212?
-1000502
In base 14, what is 1d94095d + 4?
1d940963
In base 12, what is -1 - -192a7a4?
192a7a3
In base 12, what is 2993 + 1a78?
484b
In base 5, what is 3112110413 + -240?
3112110123
In base 15, what is -7523ee + -1?
-752400
In base 8, what is 27 + 35712326?
35712355
In base 14, what is 17d5 - 5c5?
1210
In base 3, what is 101 + 11010010021101?
11010010021202
In base 10, what is 177485 + -285?
177200
In base 15, what is 430 - -cb17?
d047
In base 12, what is 4967785 + 4?
4967789
In base 13, what is 9b26 - 2283?
7873
In base 5, what is 201222401 + 310?
201223211
In base 8, what is -2 - 1613517237?
-1613517241
In base 12, what is 2 + -8879a0a?
-8879a08
In base 8, what is 2311021 - -105?
2311126
In base 9, what is 12541 - -3455?
16106
In base 10, what is 1 + -189216432?
-189216431
In base 12, what is 8708a9 + 23?
870910
In base 5, what is -1033323 + 24324?
-1003444
In base 6, what is 2424400 + 1553?
2430353
In base 16, what is -2 - 2c1485?
-2c1487
In base 3, what is -21002222212211 + -112?
-21002222220100
In base 11, what is 1312 - 5a204?
-589a2
In base 12, what is 57a5b - 6a?
579b1
In base 3, what is -10 - -22110210001011?
22110210001001
In base 15, what is -dd8e + -238?
-e0c7
In base 10, what is 100737 + -112?
100625
In base 14, what is 3bc3 - 51c?
36a5
In base 8, what is -411736 - 6?
-411744
In base 16, what is -45c9 + ec7?
-3702
In base 13, what is 1b83c - -147?
1b986
In base 8, what is -4 - 54310044?
-54310050
In base 6, what is -515052033 - 10?
-515052043
In base 12, what is -7937 + 41a?
-7519
In base 2, what is 11010010001000 - -110101?
11010010111101
In base 11, what is 8a954801 - -4?
8a954805
In base 11, what is -10092 + -1017?
-110a9
In base 4, what is 11 + 10230231312?
10230231323
In base 5, what is -231044244 + 10?
-231044234
In base 7, what is 64 + 11242446?
11242543
In base 5, what is 310 - 1210203?
-1204343
In base 3, what is -101211 + -12111222212?
-12112101200
In base 12, what